hat is -37352 (base 9) in base 16?
-61f4
-732362 (base 8) to base 7
-2031152
-5989720 (base 10) to base 2
-10110110110010101011000
What is -50332304 (base 6) in base 7?
-15063430
What is -1828950 (base 12) in base 7?
-60532215
What is 12020000131 (base 4) in base 12?
655251
55129 (base 13) to base 9
254214
What is -1017b9 (base 16) in base 6?
-34334345
What is 1021233003320 (base 4) in base 6?
1530143212
What is 101001110110000100111101 (base 2) in base 4?
221312010331
What is -84bc4b (base 14) in base 15?
-5da074
Convert -445331 (base 7) to base 9.
-128872
72102 (base 14) to base 8
1030246
1726b (base 16) to base 10
94827
Convert 205c68a (base 14) to base 2.
111010010011110010000010
-33011331310 (base 4) to base 12
-13a9844
3074528 (base 10) to base 2
1011101110100111100000
What is -21321120331 (base 4) in base 12?
-a51451
What is 29742 (base 13) in base 14?
2068c
-2c3623 (base 13) to base 7
-12201310
1104566 (base 7) to base 16
213b9
-3632642 (base 7) to base 9
-773665
1169 (base 12) to base 6
13013
Convert 166405 (base 8) to base 2.
1110110100000101
1200000121 (base 3) to base 6
411541
What is -100143212 (base 6) in base 5?
-413141204
Convert -626668 (base 15) to base 4.
-101312120132
-1038234 (base 9) to base 5
-120312044
What is -13063717 (base 8) in base 2?
-1011000110011111001111
Convert 142975 (base 12) to base 9.
562668
What is -100011011000010111 (base 2) in base 13?
-50c68
22122031120 (base 4) to base 9
5118171
Convert -14006 (base 12) to base 11.
-19860
What is -1103213044 (base 5) in base 2?
-1001001001011011001011
Convert -164129 (base 10) to base 5.
-20223004
What is -604cdb (base 16) in base 10?
-6311131
What is -3e4a9 (base 15) in base 12?
-97a20
-4371b (base 12) to base 14
-246c7
Convert -110201101 (base 5) to base 10.
-475151
Convert 101211001021220 (base 3) to base 15.
788353
8442071 (base 9) to base 4
101032122202
What is 48935 (base 11) in base 5?
4222324
Convert -202102121110 (base 3) to base 11.
-255137
Convert 43674511 (base 8) to base 3.
122200201002001
What is -4211053 (base 9) in base 2?
-1000100101100111000000
Convert 11111102001001 (base 3) to base 13.
658924
What is 518a3 (base 11) in base 12?
37915
-30001332213 (base 4) to base 2
-1100000001111110100111
What is 581a435 (base 11) in base 10?
10174686
Convert 4825030 (base 9) to base 13.
707310
Convert 2250540 (base 8) to base 6.
21031040
1011000111010001101 (base 2) to base 7
3044505
Convert 53311 (base 10) to base 16.
d03f
23311 (base 12) to base 3
2101121111
Convert -1430612 (base 10) to base 6.
-50355112
74167 (base 9) to base 6
1014441
Convert 10420320 (base 6) to base 2.
1001100100110011000
What is 944040 (base 10) in base 5?
220202130
28cb61 (base 14) to base 10
1418145
10022200011102 (base 3) to base 13
49a4c5
2854001 (base 9) to base 5
400232441
Convert 1011101011100101000001 (base 2) to base 4.
23223211001
Convert 466a9 (base 15) to base 16.
36c03
What is -11011000101010010000010 (base 2) in base 15?
-953867
-305ed9 (base 16) to base 13
-86cb5b
-3121341411 (base 5) to base 2
-11000100010110010111101
What is 205750 (base 12) in base 11?
317218
37c5e (base 16) to base 3
102121100222
What is 144d8 (base 15) in base 8?
177314
What is -87228 (base 9) in base 7?
-330311
Convert -365b5 (base 13) to base 15.
-1e8c3
1b594 (base 12) to base 10
40576
What is -5883228 (base 10) in base 9?
-12056240
Convert 328437 (base 9) to base 2.
101111111101101011
What is -76818 (base 10) in base 4?
-102300102
What is -1317250 (base 8) in base 9?
-621177
-299990 (base 11) to base 7
-3653425
What is -3021120220 (base 4) in base 2?
-11001001011000101000
-1100011011000110100100 (base 2) to base 9
-6113360
What is -151322 (base 7) in base 14?
-a982
What is 1113033144 (base 5) in base 16?
25b489
Convert 321c4 (base 16) to base 12.
9a944
What is 2135031 (base 6) in base 2?
11001111001011011
Convert 11100001101001010 (base 2) to base 10.
115530
Convert 1002221121002 (base 3) to base 10.
589466
Convert 1210101 (base 9) to base 4.
2200030312
What is 19495 (base 12) in base 9?
55645
Convert 10022002202020 (base 3) to base 16.
1ac2bf
What is 1e68c (base 16) in base 11?
85643
Convert 7517940 (base 11) to base 9.
26805804
Convert 57e0c6 (base 16) to base 2.
10101111110000011000110
-440443433 (base 5) to base 10
-1890493
7be160 (base 15) to base 16
5a5541
What is 42b67 (base 12) in base 5?
10304223
-3e792 (base 16) to base 12
-104102
-102111110110 (base 3) to base 11
-145051
-c84d (base 15) to base 12
-20631
What is d4bc (base 15) in base 8?
127630
What is -1953410 (base 11) in base 15?
-4525e3
What is -10000101001011011100100 (base 2) in base 5?
-2104122004
What is -777b96 (base 13) in base 12?
-b399ab
What is -1777971 (base 12) in base 9?
-10166834
What is -1102001022210 (base 3) in base 4?
-2312311320
-22020201210002 (base 3) to base 13
-ba6614
What is -202101112 (base 4) in base 11?
-96513
-12100012212001 (base 3) to base 9
-5305761
Convert -307633 (base 8) to base 13.
-37742
Convert -15721aa (base 14) to base 10.
-10493402
What is -22230031 (base 4) in base 6?
-534421
Convert 277b68 (base 13) to base 8.
3522535
Convert -404331 (base 7) to base 11.
-47738
Convert -2220112022 (base 3) to base 7.
-325622
Convert 987812 (base 10) to base 16.
f12a4
What is 43180 (base 10) in base 7?
236614
What is -22220012 (base 3) in base 10?
-6485
-1314430 (base 7) to base 12
-836a4
-1000997 (base 10) to base 13
-29080a
Convert 5d654 (base 15) to base 12.
124851
1704373 (base 8) to base 16
788fb
-1b1a70 (base 12) to base 3
-220101200110
What is 1324860 (base 10) in base 9?
2438326
Convert -110001101001110 (base 2) to base 11.
-18111
174087 (base 12) to base 8
1417147
What is ebb61 (base 16) in base 15?
1410ed
-1772527 (base 11) to base 6
-144222353
What is -1048185 (base 10) in base 7?
-11623635
4443035 (base 6) to base 14
5b6a3
What is -4d302 (base 14) in base 13?
-685a9
What is -32877b (base 12) in base 4?
-3010001033
What is 10100100201201 (base 3) in base 11?
1005296
-10702270 (base 9) to base 15
-6ca230
1aa99 (base 12) to base 15
bad3
1030203023 (base 4) to base 5
40013142
Convert -3113313 (base 4) to base 12.
-7bb3
What is 112110121012 (base 3) in base 9?
473535
What is 10000000100001101011110 (base 2) in base 8?
20041536
23202330231 (base 4) to base 13
81c888
414403310 (base 5) to base 9
3205015
Convert -6287185 (base 10) to base 11.
-3604723
Convert 199a28 (base 11) to base 8.
1125567
-1c3437 (base 14) to base 2
-11110110000100001001
1230022221 (base 4) to base 2
1101100001010101001
-11333311021 (base 4) to base 2
-101111111110101001001
What is 31540210 (base 6) in base 13?
267771
Convert -101000100100111111 (base 2) to base 10.
-166207
What is -141202130 (base 7) in base 15?
-c1e2b2
Convert -310241132 (base 5) to base 16.
-1335a5
What is -75142710 (base 8) in base 11?
-9067176
Convert 703574 (base 10) to base 13.
1b8321
What is 275c4a (base 13) in base 2?
11101001010011000100
-10263300 (base 9) to base 6
-253535343
Convert 77427 (base 10) to base 13.
2931c
Convert 1796b9 (base 13) to base 10.
592159
Convert 1778579 (base 10) to base 4.
12302032103
What is -11220202012110 (base 3) in base 12?
-a60103
Convert 4241310121 (base 5) to base 10.
8931911
Convert -8aa3 (base 12) to base 2.
-11110000011011
24041506 (base 7) to base 14
3d5676
125c96 (base 14) to base 5
130141420
Convert 113650216 (base 7) to base 8.
32721651
Convert 1237a (base 11) to base 9.
26315
What is 120122021212000 (base 3) in base 14?
11651ca
What is -112101110002 (base 3) in base 2?
-1000101001000101010
What is -14b251 (base 15) in base 5?
-223441101
What is -9052a (base 16) in base 3?
-1010000220022
What is 2054111 (base 8) in base 12?
2245a1
-30120120022 (base 4) to base 14
-606b10
103768 (base 10) to base 2
11001010101011000
10041656 (base 7) to base 13
2326b5
What is 10102120212 (base 4) in base 9?
2102603
-5014133 (base 6) to base 14
-61b73
What is 2101112210211 (base 3) in base 8?
4661353
Convert 222750 (base 8) to base 12.
37660
Convert e1555 (base 15) to base 10.
713330
-19b5346 (base 12) to base 6
-313030130
Convert -d8561 (base 16) to base 10.
-886113
Convert -1102022120001 (base 3) to base 14.
-158bcc
-113123110011 (base 4) to base 3
-102120000010110
Convert 125b50 (base 12) to base 11.
195922
Convert -4288cc (base 1